{"id":8,"date":"2023-01-20T18:04:33","date_gmt":"2023-01-20T17:04:33","guid":{"rendered":"https:\/\/ladi.autoskolamorava.cz\/ladi\/?page_id=8"},"modified":"2023-01-29T12:52:47","modified_gmt":"2023-01-29T11:52:47","slug":"home","status":"publish","type":"page","link":"https:\/\/ladi.autoskolamorava.cz\/ladi\/","title":{"rendered":"Home"},"content":{"rendered":"<p>[et_pb_section fb_built=&#8220;1&#8243; _builder_version=&#8220;4.6.3&#8243; _module_preset=&#8220;default&#8220; custom_padding=&#8220;27px||3px|||&#8220;][et_pb_row column_structure=&#8220;1_4,1_2,1_4&#8243; _builder_version=&#8220;4.6.3&#8243; _module_preset=&#8220;default&#8220;][et_pb_column type=&#8220;1_4&#8243; _builder_version=&#8220;4.6.3&#8243; _module_preset=&#8220;default&#8220;][\/et_pb_column][et_pb_column type=&#8220;1_2&#8243; _builder_version=&#8220;4.6.3&#8243; _module_preset=&#8220;default&#8220;][et_pb_text _builder_version=&#8220;4.6.3&#8243; _module_preset=&#8220;default&#8220; header_2_font=&#8220;Posterama 2001 thin|800|||||||&#8220; header_2_text_align=&#8220;center&#8220; header_2_text_color=&#8220;#000000&#8243; header_2_font_size=&#8220;35px&#8220; header_2_letter_spacing=&#8220;24px&#8220; header_2_line_height=&#8220;1.4em&#8220; custom_margin=&#8220;-23px||0px|||&#8220; custom_padding=&#8220;15px|||||&#8220; header_2_font_size_tablet=&#8220;32px&#8220; header_2_font_size_phone=&#8220;20px&#8220; header_2_font_size_last_edited=&#8220;on|desktop&#8220;]<\/p>\n<h2>LADI<\/h2>\n<p>[\/et_pb_text][et_pb_divider color=&#8220;#B4A682&#8243; _builder_version=&#8220;4.6.3&#8243; _module_preset=&#8220;default&#8220; width=&#8220;69.3%&#8220; module_alignment=&#8220;center&#8220; custom_padding=&#8220;|0px||0px||&#8220;][\/et_pb_divider][et_pb_text _builder_version=&#8220;4.6.3&#8243; _module_preset=&#8220;default&#8220; header_2_font=&#8220;Rage|100|||||||&#8220; header_2_text_align=&#8220;center&#8220; header_2_text_color=&#8220;#B4A682&#8243; header_2_font_size=&#8220;35px&#8220; header_2_line_height=&#8220;1.4em&#8220; custom_margin=&#8220;-49px|||||&#8220; header_2_font_size_tablet=&#8220;32px&#8220; header_2_font_size_phone=&#8220;20px&#8220; header_2_font_size_last_edited=&#8220;on|desktop&#8220;]<\/p>\n<h2>living.art.design.interier<\/h2>\n<p>[\/et_pb_text][\/et_pb_column][et_pb_column type=&#8220;1_4&#8243; _builder_version=&#8220;4.6.3&#8243; _module_preset=&#8220;default&#8220;][\/et_pb_column][\/et_pb_row][\/et_pb_section][et_pb_section fb_built=&#8220;1&#8243; _builder_version=&#8220;4.6.3&#8243; _module_preset=&#8220;default&#8220; custom_padding=&#8220;30px|||||&#8220;][et_pb_row column_structure=&#8220;1_3,1_3,1_3&#8243; _builder_version=&#8220;4.6.3&#8243; _module_preset=&#8220;default&#8220;][et_pb_column type=&#8220;1_3&#8243; _builder_version=&#8220;4.6.3&#8243; _module_preset=&#8220;default&#8220;][et_pb_text _builder_version=&#8220;4.6.3&#8243; _module_preset=&#8220;default&#8220; header_5_font=&#8220;Posterama 2001 thin|800|||||||&#8220; header_5_text_align=&#8220;center&#8220;]<\/p>\n<h5>Rodinn\u00e9 domy<\/h5>\n<p>[\/et_pb_text][et_pb_blurb title=&#8220;V\u00e1\u0161 titul jde sem&#8220; use_icon=&#8220;on&#8220; font_icon=&#8220;%%236%%&#8220; icon_color=&#8220;#ffffff&#8220; _builder_version=&#8220;4.6.3&#8243; _module_preset=&#8220;default&#8220; header_font=&#8220;|700|||||||&#8220; header_text_align=&#8220;center&#8220; header_text_color=&#8220;#ffffff&#8220; body_text_align=&#8220;center&#8220; body_text_color=&#8220;#ffffff&#8220; background_enable_color=&#8220;off&#8220; background_image=&#8220;http:\/\/ladi.autoskolamorava.cz\/ladi\/wp-content\/uploads\/2023\/01\/architect-18.jpg&#8220; min_height=&#8220;498px&#8220; custom_padding=&#8220;50px|15px||15px|false|false&#8220; background_last_edited=&#8220;on|desktop&#8220; custom_css_blurb_content=&#8220;opacity:0;&#8220; custom_css_blurb_content__hover_enabled=&#8220;on|desktop&#8220; custom_css_blurb_content__hover=&#8220;opacity:1;&#8220; background__hover_enabled=&#8220;on|hover&#8220; background_color__hover=&#8220;rgba(178,178,178,0.29)&#8220; background_enable_color__hover=&#8220;on&#8220; use_background_color_gradient__hover=&#8220;off&#8220; background_color_gradient_start__hover=&#8220;rgba(212,214,216,0.66)&#8220; background_color_gradient_end__hover=&#8220;#29c4a9&#8243; null__hover=&#8220;#2b87da&#8220; parallax__hover=&#8220;off&#8220; background_size__hover=&#8220;cover&#8220; background_blend__hover=&#8220;difference&#8220; content__hover_enabled=&#8220;on|desktop&#8220;]<\/p>\n<p>Your content goes here. Edit or remove this text inline or in the module Content settings. You can also style every aspect of this content in the module Design settings and even apply custom CSS to this text in the module Advanced settings.<\/p>\n<p>[\/et_pb_blurb][\/et_pb_column][et_pb_column type=&#8220;1_3&#8243; _builder_version=&#8220;4.6.3&#8243; _module_preset=&#8220;default&#8220;][et_pb_text _builder_version=&#8220;4.6.3&#8243; _module_preset=&#8220;default&#8220; header_5_font=&#8220;Posterama 2001 thin|800|||||||&#8220; header_5_text_align=&#8220;center&#8220;]<\/p>\n<h5>Interi\u00e9ry<\/h5>\n<p>[\/et_pb_text][et_pb_blurb title=&#8220;V\u00e1\u0161 titul jde sem&#8220; use_icon=&#8220;on&#8220; font_icon=&#8220;%%230%%&#8220; icon_color=&#8220;#ffffff&#8220; _builder_version=&#8220;4.6.3&#8243; _module_preset=&#8220;default&#8220; header_font=&#8220;|700|||||||&#8220; header_text_align=&#8220;center&#8220; header_text_color=&#8220;#ffffff&#8220; body_text_align=&#8220;center&#8220; body_text_color=&#8220;#ffffff&#8220; background_enable_color=&#8220;off&#8220; background_image=&#8220;http:\/\/ladi.autoskolamorava.cz\/ladi\/wp-content\/uploads\/2023\/01\/projekt-1.jpeg&#8220; min_height=&#8220;498px&#8220; custom_padding=&#8220;50px|15px||15px|false|false&#8220; background_last_edited=&#8220;on|desktop&#8220; custom_css_blurb_content=&#8220;opacity:0;&#8220; custom_css_blurb_content__hover_enabled=&#8220;on|desktop&#8220; custom_css_blurb_content__hover=&#8220;opacity:1;&#8220; background__hover_enabled=&#8220;on|hover&#8220; background_color__hover=&#8220;rgba(178,178,178,0.29)&#8220; background_enable_color__hover=&#8220;on&#8220; use_background_color_gradient__hover=&#8220;off&#8220; background_color_gradient_start__hover=&#8220;rgba(212,214,216,0.66)&#8220; background_color_gradient_end__hover=&#8220;#29c4a9&#8243; null__hover=&#8220;#2b87da&#8220; parallax__hover=&#8220;off&#8220; background_size__hover=&#8220;cover&#8220; background_blend__hover=&#8220;difference&#8220; content__hover_enabled=&#8220;on|hover&#8220;]<\/p>\n<p>Your content goes here. Edit or remove this text inline or in the module Content settings. You can also style every aspect of this content in the module Design settings and even apply custom CSS to this text in the module Advanced settings.<\/p>\n<p>[\/et_pb_blurb][\/et_pb_column][et_pb_column type=&#8220;1_3&#8243; _builder_version=&#8220;4.6.3&#8243; _module_preset=&#8220;default&#8220;][et_pb_text _builder_version=&#8220;4.6.3&#8243; _module_preset=&#8220;default&#8220; header_5_font=&#8220;Posterama 2001 thin|800|||||||&#8220; header_5_text_align=&#8220;center&#8220;]<\/p>\n<h5>Voln\u00e1 tvorba<\/h5>\n<p>[\/et_pb_text][et_pb_blurb title=&#8220;V\u00e1\u0161 titul jde sem&#8220; use_icon=&#8220;on&#8220; font_icon=&#8220;%%234%%&#8220; icon_color=&#8220;#ffffff&#8220; _builder_version=&#8220;4.6.3&#8243; _module_preset=&#8220;default&#8220; header_font=&#8220;|700|||||||&#8220; header_text_align=&#8220;center&#8220; header_text_color=&#8220;#ffffff&#8220; body_text_align=&#8220;center&#8220; body_text_color=&#8220;#ffffff&#8220; background_enable_color=&#8220;off&#8220; background_image=&#8220;http:\/\/ladi.autoskolamorava.cz\/ladi\/wp-content\/uploads\/2023\/01\/projekt-3.jpeg&#8220; min_height=&#8220;498px&#8220; custom_padding=&#8220;50px|15px||15px|false|false&#8220; background_last_edited=&#8220;on|desktop&#8220; custom_css_blurb_content=&#8220;opacity:0;&#8220; custom_css_blurb_content__hover_enabled=&#8220;on|desktop&#8220; custom_css_blurb_content__hover=&#8220;opacity:1;&#8220; background__hover_enabled=&#8220;on|hover&#8220; background_color__hover=&#8220;rgba(178,178,178,0.29)&#8220; background_enable_color__hover=&#8220;on&#8220; use_background_color_gradient__hover=&#8220;off&#8220; background_color_gradient_start__hover=&#8220;rgba(212,214,216,0.66)&#8220; background_color_gradient_end__hover=&#8220;#29c4a9&#8243; null__hover=&#8220;#2b87da&#8220; parallax__hover=&#8220;off&#8220; background_size__hover=&#8220;cover&#8220; background_blend__hover=&#8220;difference&#8220; content__hover_enabled=&#8220;on|hover&#8220;]<\/p>\n<p>Your content goes here. Edit or remove this text inline or in the module Content settings. You can also style every aspect of this content in the module Design settings and even apply custom CSS to this text in the module Advanced settings.<\/p>\n<p>[\/et_pb_blurb][\/et_pb_column][\/et_pb_row][\/et_pb_section][et_pb_section fb_built=&#8220;1&#8243; admin_label=&#8220;Header&#8220; _builder_version=&#8220;4.19.1&#8243; _module_preset=&#8220;default&#8220; custom_padding=&#8220;0px||9px|||&#8220; collapsed=&#8220;on&#8220;][et_pb_row column_structure=&#8220;1_3,1_3,1_3&#8243; _builder_version=&#8220;4.19.1&#8243; _module_preset=&#8220;default&#8220;][et_pb_column type=&#8220;1_3&#8243; _builder_version=&#8220;4.19.1&#8243; _module_preset=&#8220;default&#8220;][et_pb_divider color=&#8220;#B4A682&#8243; _builder_version=&#8220;4.6.3&#8243; _module_preset=&#8220;default&#8220; width=&#8220;69.3%&#8220; module_alignment=&#8220;center&#8220; custom_padding=&#8220;|0px||0px||&#8220;][\/et_pb_divider][\/et_pb_column][et_pb_column type=&#8220;1_3&#8243; _builder_version=&#8220;4.19.1&#8243; _module_preset=&#8220;default&#8220;][et_pb_text _builder_version=&#8220;4.6.3&#8243; _module_preset=&#8220;default&#8220; header_2_font=&#8220;Posterama 2001 thin|600|||||||&#8220; header_2_text_align=&#8220;center&#8220; header_2_text_color=&#8220;#000000&#8243; header_2_font_size=&#8220;17px&#8220; header_2_line_height=&#8220;1.4em&#8220; header_2_font_size_tablet=&#8220;32px&#8220; header_2_font_size_phone=&#8220;20px&#8220; header_2_font_size_last_edited=&#8220;on|desktop&#8220;]<\/p>\n<h2><strong>Poj\u010fme spole\u010dn\u011b n\u011bco vybudovat!<\/strong><\/h2>\n<p>[\/et_pb_text][\/et_pb_column][et_pb_column type=&#8220;1_3&#8243; _builder_version=&#8220;4.19.1&#8243; _module_preset=&#8220;default&#8220;][et_pb_divider color=&#8220;#B4A682&#8243; _builder_version=&#8220;4.6.3&#8243; _module_preset=&#8220;default&#8220; width=&#8220;69.3%&#8220; module_alignment=&#8220;center&#8220; custom_padding=&#8220;|0px||0px||&#8220;][\/et_pb_divider][\/et_pb_column][\/et_pb_row][\/et_pb_section][et_pb_section fb_built=&#8220;1&#8243; _builder_version=&#8220;4.6.3&#8243; _module_preset=&#8220;default&#8220; custom_padding=&#8220;7px|||||&#8220;][et_pb_row _builder_version=&#8220;4.6.3&#8243; _module_preset=&#8220;default&#8220;][et_pb_column _builder_version=&#8220;4.6.3&#8243; _module_preset=&#8220;default&#8220; type=&#8220;4_4&#8243;][et_pb_image src=&#8220;http:\/\/ladi.autoskolamorava.cz\/ladi\/wp-content\/uploads\/2023\/01\/19-scaled.jpg&#8220; _builder_version=&#8220;4.6.3&#8243; _module_preset=&#8220;default&#8220; title_text=&#8220;19&#8243; hover_enabled=&#8220;0&#8243; sticky_enabled=&#8220;0&#8243;][\/et_pb_image][\/et_pb_column][\/et_pb_row][\/et_pb_section][et_pb_section fb_built=&#8220;1&#8243; _builder_version=&#8220;4.6.3&#8243; _module_preset=&#8220;default&#8220; background_color=&#8220;#EDEDEB&#8220; collapsed=&#8220;on&#8220;][et_pb_row _builder_version=&#8220;4.19.2&#8243; _module_preset=&#8220;default&#8220;][et_pb_column type=&#8220;4_4&#8243; _builder_version=&#8220;4.19.1&#8243; _module_preset=&#8220;default&#8220;][et_pb_text _builder_version=&#8220;4.6.3&#8243; _module_preset=&#8220;b327cbe4-b1d5-4b66-ad37-40c8f2f061ba&#8220; header_text_color=&#8220;#000000&#8243; header_2_font=&#8220;Poppins|600|||||||&#8220; header_2_text_align=&#8220;center&#8220; header_2_text_color=&#8220;#B4A682&#8243; header_2_font_size=&#8220;35px&#8220; header_2_line_height=&#8220;1.4em&#8220; header_2_font_size_tablet=&#8220;32px&#8220; header_2_font_size_phone=&#8220;20px&#8220; header_2_font_size_last_edited=&#8220;on|desktop&#8220;]<\/p>\n<h2>\u017divotopis<\/h2>\n<h1><\/h1>\n<p>[\/et_pb_text][\/et_pb_column][\/et_pb_row][et_pb_row column_structure=&#8220;2_5,3_5&#8243; _builder_version=&#8220;4.19.1&#8243; _module_preset=&#8220;default&#8220;][et_pb_column type=&#8220;2_5&#8243; _builder_version=&#8220;4.19.1&#8243; _module_preset=&#8220;default&#8220;][et_pb_image src=&#8220;http:\/\/ladi.autoskolamorava.cz\/ladi\/wp-content\/uploads\/2023\/01\/Ladka.jpeg&#8220; title_text=&#8220;Lad\u030cka&#8220; _builder_version=&#8220;4.6.3&#8243; _module_preset=&#8220;default&#8220;][\/et_pb_image][\/et_pb_column][et_pb_column type=&#8220;3_5&#8243; _builder_version=&#8220;4.6.3&#8243; _module_preset=&#8220;default&#8220;][et_pb_text _builder_version=&#8220;4.6.3&#8243; _module_preset=&#8220;1f09816e-184e-4ce5-a4cf-b39c52c423ca&#8220; text_text_color=&#8220;#FFFFFF&#8220; text_font_size=&#8220;16px&#8220; text_line_height=&#8220;1.8em&#8220; ul_text_color=&#8220;#000000&#8243; text_font_size_tablet=&#8220;15px&#8220; text_font_size_phone=&#8220;14px&#8220; text_font_size_last_edited=&#8220;on|desktop&#8220; header_font_size_tablet=&#8220;55px&#8220; header_font_size_last_edited=&#8220;off|desktop&#8220;]<\/p>\n<ul>\n<li><span style=\"color: #000000;\">2002 -2006 &#8211; samostatn\u00fd projektant v atelieru MS architekti<\/span><\/li>\n<li><span style=\"color: #000000;\">1995-2002 studium na \u010cVUT Praha Fakulta architektury<\/span><\/li>\n<li><span style=\"color: #000000;\">2001 &#8211; studijn\u00ed pobyt na Fachhochschule Frankfurt am Main, N\u011bmecko<\/span><\/li>\n<li><span style=\"color: #000000;\">2000 &#8211; pracovn\u00ed st\u00e1\u017e v atelieru Bayerische Bauhaus GmbH<\/span><\/li>\n<li><span style=\"color: #000000;\">st\u00e1\u017ee v Tunisu a Estonsku<\/span><\/li>\n<\/ul>\n<p>[\/et_pb_text][\/et_pb_column][\/et_pb_row][\/et_pb_section][et_pb_section fb_built=&#8220;1&#8243; admin_label=&#8220;Header&#8220; _builder_version=&#8220;4.19.1&#8243; _module_preset=&#8220;default&#8220; custom_padding=&#8220;0px|||||&#8220; collapsed=&#8220;on&#8220;][et_pb_row _builder_version=&#8220;4.19.1&#8243; _module_preset=&#8220;default&#8220;][et_pb_column type=&#8220;4_4&#8243; _builder_version=&#8220;4.19.1&#8243; _module_preset=&#8220;default&#8220;][et_pb_text _builder_version=&#8220;4.6.3&#8243; _module_preset=&#8220;default&#8220; header_text_color=&#8220;#000000&#8243; header_2_font=&#8220;Posterama 2001 thin|600|||||||&#8220; header_2_text_align=&#8220;center&#8220; header_2_text_color=&#8220;#000000&#8243; header_2_font_size=&#8220;35px&#8220; header_2_line_height=&#8220;1.4em&#8220; header_2_font_size_tablet=&#8220;32px&#8220; header_2_font_size_phone=&#8220;20px&#8220; header_2_font_size_last_edited=&#8220;on|desktop&#8220;]<\/p>\n<h2>M\u016fj P\u0159\u00edb\u011bh<\/h2>\n<p>[\/et_pb_text][et_pb_text _builder_version=&#8220;4.6.3&#8243; _module_preset=&#8220;default&#8220;]<\/p>\n<p><span>\u00a0 \u00a0Od mali\u010dka ze v\u0161eho nejrad\u011bji dr\u017e\u00edm v ruce tu\u017eku a maluji, navrhuji, prost\u011b tvo\u0159\u00edm. Tvo\u0159\u00edm prostor, navrhuji n\u00e1bytek, kresl\u00edm na st\u011bny, maluji obrazy. Posledn\u00edch p\u011bt let se v\u011bnuji v architektu\u0159e v\u00fdhradn\u011b bydlen\u00ed. Sna\u017e\u00edm se pro ka\u017ed\u00e9ho z\u00e1kazn\u00edka naj\u00edt optim\u00e1ln\u00ed prost\u0159ed\u00ed, naj\u00edt to jeho &#8222;teplo domova&#8220;.\u00a0 D\u011bkuji za mo\u017enost a d\u016fv\u011bru, kterou mi d\u00e1v\u00e1te a t\u011b\u0161\u00edm se na V\u00e1s.<\/span><\/p>\n<p>Nam sed tellus id magna elementum tincidunt. Nullam faucibus mi quis velit. Nam quis nulla. Curabitur ligula sapien, pulvinar a vestibulum quis, facilisis vel sapien. Phasellus enim erat, vestibulum vel, aliquam a, posuere eu, velit. Duis viverra diam non justo. Quis autem vel eum iure reprehenderit qui in ea voluptate velit esse quam nihil molestiae consequatur, vel illum qui dolorem eum fugiat quo voluptas nulla pariatur? In convallis. Neque porro quisquam est, qui dolorem ipsum quia dolor sit amet, consectetur, adipisci velit, sed quia non numquam eius modi tempora incidunt ut labore et dolore magnam aliquam quaerat voluptatem. Nullam lectus justo, vulputate eget mollis sed, tempor sed magna. Maecenas lorem. Maecenas libero.<\/p>\n<p>[\/et_pb_text][\/et_pb_column][\/et_pb_row][\/et_pb_section]<\/p>\n","protected":false},"excerpt":{"rendered":"<p>[et_pb_section fb_built=&#8220;1&#8243; _builder_version=&#8220;4.6.3&#8243; _module_preset=&#8220;default&#8220; custom_padding=&#8220;27px||3px|||&#8220;][et_pb_row column_structure=&#8220;1_4,1_2,1_4&#8243; _builder_version=&#8220;4.6.3&#8243; _module_preset=&#8220;default&#8220;][et_pb_column type=&#8220;1_4&#8243; _builder_version=&#8220;4.6.3&#8243; _module_preset=&#8220;default&#8220;][\/et_pb_column][et_pb_column type=&#8220;1_2&#8243; _builder_version=&#8220;4.6.3&#8243; _module_preset=&#8220;default&#8220;][et_pb_text _builder_version=&#8220;4.6.3&#8243; _module_preset=&#8220;default&#8220; header_2_font=&#8220;Posterama 2001 thin|800|||||||&#8220; header_2_text_align=&#8220;center&#8220; header_2_text_color=&#8220;#000000&#8243; header_2_font_size=&#8220;35px&#8220; header_2_letter_spacing=&#8220;24px&#8220; header_2_line_height=&#8220;1.4em&#8220; custom_margin=&#8220;-23px||0px|||&#8220; custom_padding=&#8220;15px|||||&#8220; header_2_font_size_tablet=&#8220;32px&#8220; header_2_font_size_phone=&#8220;20px&#8220; header_2_font_size_last_edited=&#8220;on|desktop&#8220;] LADI [\/et_pb_text][et_pb_divider color=&#8220;#B4A682&#8243; _builder_version=&#8220;4.6.3&#8243; _module_preset=&#8220;default&#8220; width=&#8220;69.3%&#8220; module_alignment=&#8220;center&#8220; custom_padding=&#8220;|0px||0px||&#8220;][\/et_pb_divider][et_pb_text _builder_version=&#8220;4.6.3&#8243; _module_preset=&#8220;default&#8220; header_2_font=&#8220;Rage|100|||||||&#8220; header_2_text_align=&#8220;center&#8220; header_2_text_color=&#8220;#B4A682&#8243; header_2_font_size=&#8220;35px&#8220; header_2_line_height=&#8220;1.4em&#8220; custom_margin=&#8220;-49px|||||&#8220; header_2_font_size_tablet=&#8220;32px&#8220; header_2_font_size_phone=&#8220;20px&#8220; header_2_font_size_last_edited=&#8220;on|desktop&#8220;] living.art.design.interier [\/et_pb_text][\/et_pb_column][et_pb_column type=&#8220;1_4&#8243; _builder_version=&#8220;4.6.3&#8243; _module_preset=&#8220;default&#8220;][\/et_pb_column][\/et_pb_row][\/et_pb_section][et_pb_section fb_built=&#8220;1&#8243; _builder_version=&#8220;4.6.3&#8243; [&hellip;]<\/p>\n","protected":false},"author":1,"featured_media":0,"parent":0,"menu_order":0,"comment_status":"closed","ping_status":"closed","template":"","meta":{"_et_pb_use_builder":"on","_et_pb_old_content":"","_et_gb_content_width":"","footnotes":""},"class_list":["post-8","page","type-page","status-publish","hentry"],"_links":{"self":[{"href":"https:\/\/ladi.autoskolamorava.cz\/ladi\/index.php?rest_route=\/wp\/v2\/pages\/8","targetHints":{"allow":["GET"]}}],"collection":[{"href":"https:\/\/ladi.autoskolamorava.cz\/ladi\/index.php?rest_route=\/wp\/v2\/pages"}],"about":[{"href":"https:\/\/ladi.autoskolamorava.cz\/ladi\/index.php?rest_route=\/wp\/v2\/types\/page"}],"author":[{"embeddable":true,"href":"https:\/\/ladi.autoskolamorava.cz\/ladi\/index.php?rest_route=\/wp\/v2\/users\/1"}],"replies":[{"embeddable":true,"href":"https:\/\/ladi.autoskolamorava.cz\/ladi\/index.php?rest_route=%2Fwp%2Fv2%2Fcomments&post=8"}],"version-history":[{"count":43,"href":"https:\/\/ladi.autoskolamorava.cz\/ladi\/index.php?rest_route=\/wp\/v2\/pages\/8\/revisions"}],"predecessor-version":[{"id":224,"href":"https:\/\/ladi.autoskolamorava.cz\/ladi\/index.php?rest_route=\/wp\/v2\/pages\/8\/revisions\/224"}],"wp:attachment":[{"href":"https:\/\/ladi.autoskolamorava.cz\/ladi\/index.php?rest_route=%2Fwp%2Fv2%2Fmedia&parent=8"}],"curies":[{"name":"wp","href":"https:\/\/api.w.org\/{rel}","templated":true}]}}